 Let n(s) = s**2 - 6*s + 249. What are the prime factors of n(k)?
3, 83
Suppose -3*i - 18 = 0, -48*i + 44*i = -2*o + 21982. What are the prime factors of o?
10979
What are the prime factors of 10 + 27 + 27819 + -12?
2, 6961
Suppose -813 = -4*x + 5*w, -389 = -3*x + 2*w + 226. What are the prime factors of 6*23/(x/1566)?
2, 3, 29
Let i(u) = u - 2. Let a be i(7). Suppose 0*q + z = a*q - 8390, -3359 = -2*q + z. What are the prime factors of q?
3, 13, 43
Suppose -10*c + 4*c + 4740 = 0. Let x = c - 543. Let i = -117 + x. What are the prime factors of i?
2, 5, 13
Let m = 483 + -581. Let g be 1/((-3)/138) - -3. Let f = g - m. List the prime factors of f.
5, 11
Suppose 258206 = 34*q + 82256. What are the prime factors of q?
3, 5, 23
Suppose -700*u + 693*u + 36064 = 0. What are the prime factors of u?
2, 7, 23
Let b(q) = 31*q + 35*q - 8 - 113*q + 37*q. What are the prime factors of b(-13)?
2, 61
Suppose -5*m - 5*u + 225185 = 0, 3*u - 225233 = -5*m + 6*u. What are the prime factors of m?
31, 1453
Suppose -7*k = -15*k + 2240. Let w = k + 352. What are the prime factors of w?
2, 79
Let o = -612 + 627. Let i(l) = 5*l**2 - 39*l - 6. List the prime factors of i(o).
2, 3, 89
Let n(p) = -p + 17. Let k be n(14). Suppose -k*f + 15 = -18. Let m = f + 1. List the prime factors of m.
2, 3
What are the prime factors of ((-162)/4 - (-2 - -2))*264/(-2)?
2, 3, 11
Let k(o) = -62487*o + 2667. What are the prime factors of k(-1)?
2, 3, 10859
Let l be -2*(-366)/9*3. Let k = 624 + -624. Suppose 2*s - l - 122 = k. List the prime factors of s.
3, 61
Let d be 7*(198/(-42) + 5). Suppose s = -5*q - 288 + 3853, s + 1419 = d*q. List the prime factors of q.
2, 89
Let m(z) = 656*z + 2332. What are the prime factors of m(15)?
2, 17, 179
Suppose -3*m - 531 = -2*k, -m = m - 6. Let f = -224 + k. List the prime factors of f.
2, 23
Let w(a) = -28*a - 143. Let v be w(-5). Let b(t) = 29*t**2 + 9*t + 28. What are the prime factors of b(v)?
2, 131
Let w = 8 - 5. Let v(h) = -173*h - 1 - 163*h + 667*h + 3*h**2 - 166*h - 162*h. What are the prime factors of v(w)?
5, 7
Let n be 3 + ((-3)/12)/(1/4). Let r be 19/n*-2*-1. Suppose -3*d = -4*x - r, -d - 2*x = -5 - 18. List the prime factors of d.
13
Suppose -2*a + 78 = -2*o, -4*a = -5*o - 62 - 135. Let b = o - -43. What are the prime factors of 27 - b - 4/(-1)?
29
Let d be 111/2 - 1/(-2). Let l be ((-4)/(-12)*-12)/(4/(-107)). Let s = l - d. What are the prime factors of s?
3, 17
Suppose -4*l - 4*m = 16, -2*m = -3*l + 10 - 2. Suppose -2*p + 708 + 2120 = l. Suppose 10*a - 216 = p. What are the prime factors of a?
163
Suppose -71424 = -417*y + 415*y + 2*v, y + 4*v - 35727 = 0. What are the prime factors of y?
3, 5, 2381
List the prime factors of (1382/3)/(88/1287 + (-6)/(-39)).
3, 691
Let q = 285 - 275. Suppose 3513 = -q*b + 9593. What are the prime factors of b?
2, 19
Suppose 0 = 6*f - 7047 + 879. Suppose -3*s - f = 859. Let r = -430 - s. List the prime factors of r.
199
Let x(j) be the second derivative of -7*j**6/240 + j**5/6 - j**4 - 17*j. Let g(l) be the third derivative of x(l). What are the prime factors of g(-6)?
2, 73
Let m be ((-5)/3*-4)/((-4)/18). Let y be 108/m - -4 - (-8)/5. Suppose y*q + 246 = 7*z - 2*z, -5*z = q - 252. List the prime factors of z.
2, 5
Let i be 16296/(-189) - ((-22)/18 - -1). Suppose 4*l - 26 - 119 = -t, 8 = -4*l. Let h = t + i. What are the prime factors of h?
67
Let g = -6375 - -12709. What are the prime factors of g?
2, 3167
Suppose 3 = -z, 0*n + 2*n - 116 = -2*z. Let k = n + -59. Suppose -15*v + 1261 = -k*v. What are the prime factors of v?
97
Suppose 2*b = 4*z - 90620, -5*b - 35250 = -3*z + 32701. What are the prime factors of z?
139, 163
Suppose -56*o = -85180 - 304132. List the prime factors of o.
2, 11, 79
Suppose 42*b = 47*b - 735. Let v = -120 + b. List the prime factors of v.
3
Let u = 87 + -72. Let x be -44*(-78)/(-9)*u/(-10). Let b = x - 384. What are the prime factors of b?
2, 47
Let z = 664 + 1361. Suppose -55 + z = 5*o + 2*h, 10 = 2*h. List the prime factors of o.
2, 7
Let y(j) = -j**2 + 4*j - 1. Let n be y(3). Suppose -4*l = -n*d - 62, 3*d + 5*l = -0*d - 115. List the prime factors of (-2715)/d + 12/28.
2, 3, 13
Let r = 107 + -102. Suppose 9*z - 3*t - 1872 = 6*z, z = -r*t + 648. What are the prime factors of z?
2, 157
Suppose -6*w + 232 = -3104. Let r = 809 - w. What are the prime factors of r?
11, 23
Suppose -2*j - 2*k + 6 + 104 = 0, -57 = -j - 2*k. Let y = j - 119. List the prime factors of (-86)/(-3) - (-44)/y.
2, 7
Let g(r) = -725*r + 5. Let f be 100/50*(-3)/(5 + -2). What are the prime factors of g(f)?
3, 5, 97
Suppose 0 = 2*x - 160 - 344. Suppose 16*f - 12*f - x = 0. Suppose -f = -5*u + n + 215, -116 = -2*u - 2*n. List the prime factors of u.
2, 7
Let y(n) = 5*n**2 + 5*n + 10. Let c be y(-2). Suppose -3*h + b - c = 6*b, 3*h + 4 = -b. Suppose h = -6*o + o + 620. What are the prime factors of o?
2, 31
Let t be (13 - 1)*(0 + 4). Suppose 5*v - t = -7*v. Suppose 0 = -3*i + 5*k + 83, -i + 3*k = -v*i + 99. List the prime factors of i.
31
Let z be -4 + 5 - (-492 - (6 - 4)). Let x = z + -114. List the prime factors of x.
3, 127
Let m(l) = l**3 + 2*l**2 - l + 38. Suppose d + d = 4*s, 5*s - 3*d = 0. List the prime factors of m(s).
2, 19
What are the prime factors of (4/(-6))/(-7*(-16)/(-1193976))?
3, 23, 103
Let w = -105954 + 163723. What are the prime factors of w?
41, 1409
Let y(g) = 46*g**2 - 20*g**2 - 9*g**2 - 16*g**2. Let z(a) = 8*a**2 + 2*a - 6. Let k(h) = 3*y(h) + z(h). What are the prime factors of k(-4)?
2, 3
Let q = -1196 - -819. Let b = q - -947. List the prime factors of b.
2, 3, 5, 19
Let q(g) = -5*g - 14. Let w be q(-4). Let h = w + -12. What are the prime factors of 24 - ((-100)/36 + h/27)?
3
Let o be (-274)/3 + (10/1)/30. Let t = o - -611. List the prime factors of t.
2, 5, 13
Let u = 48622 - 27134. What are the prime factors of u?
2, 17, 79
Let l = 10118 - -13826. What are the prime factors of l?
2, 41, 73
Let d(t) be the first derivative of 6*t**4 - 2*t**3/3 + t**2/2 - 1. Let b be d(1). Suppose 0 = -4*x - 20, 3*h - 4*x - 105 = b. What are the prime factors of h?
2, 3
Suppose 64 = 3*s - 2*y, 5*s + y - 31 = 80. Suppose -3*q + 42 = -5*c, -18 = 5*c - 5*q + s. Let j(r) = r**2 + r + 9. List the prime factors of j(c).
3
Let y = -114 - -265. Let l = y + -298. Let h = -100 - l. What are the prime factors of h?
47
Suppose -136*t = -140*t + 1780. Let l = 792 - t. List the prime factors of l.
347
Let w be 1*(-3 - -7) - (0 + 0). Suppose -775 = w*c - 9*c. What are the prime factors of c?
5, 31
What are the prime factors of 8535002/553 + 32/(-2)?
2, 13, 593
Suppose 0 = q - 3*u + 15, 5*u + 3 = 5*q + 28. Suppose q*k - 20 = -5*k. Let w(a) = 14*a - 2. What are the prime factors of w(k)?
2, 3
Let n = -2343 + 3952. Suppose -487 = 3*a - n. What are the prime factors of a?
2, 11, 17
Suppose -18*h + 14*h + 15984 = 4*i, 4 = -4*i. What are the prime factors of h?
7, 571
Suppose 4*i - 41 = -53. Let d(j) = 19*j**2 - 15*j + 2. What are the prime factors of d(i)?
2, 109
Let x be (6 - 6/(-24))*200. Suppose 82*g - 77*g = x. What are the prime factors of g?
2, 5
List the prime factors of 152855385/6419 + 8/196.
23813
Let y = 22306 + -18096. List the prime factors of y.
2, 5, 421
Let m = 55 + 437. Let i = m - 53. Suppose 0 = -5*p + i + 31. List the prime factors of p.
2, 47
Let z be 92/20 - (-4)/10. Suppose g - 5*v + 1845 = 6*g, 0 = 3*g + z*v - 1099. What are the prime factors of g?
373
Suppose 0 = -14*l + 3927 + 1323. Suppose c = -4*c + l. What are the prime factors of c?
3, 5
Suppose 0 = -5*q - 115 - 20. Let y = q - -25. What are the prime factors of 64 + 3/(-3)*y?
2, 3, 11
Let k(m) = -2217*m - 1932. List the prime factors of k(-5).
3, 113
Suppose 0*m + 7*m - 98 = 0. Suppose -15*i = -m*i - 375. List the prime factors of i.
3, 5
Let r be (-1)/((-28)/12 - -2). Suppose 0 = -4*d + z + 14, -5 = -d - r*z + 5. Suppose 5*k - 7 = 3*j + 45, d*j = -4*k + 16. List the prime factors of k.
2
Let n = 39 + -529. Let g = n - -863. List the prime factors of g.
373
Suppose -58*h + 62*h - 30556 = -2*d, -3*d = -6. What are the prime factors of h?
2, 3, 19, 67
Let h = -258 + 370. Let k = -77 + h. List the prime factors of k.
5, 7
Suppose 16*m = 11*m. Suppose 2*f + 2*a - 188 = 194, -3*f + 2*a + 553 = m. List the prime factors of f.
11, 17
Let 